l?
4
Suppose -4*k - 89 = -5*a, -2*a - 5*k + 6*k + 35 = 0. Suppose 0 = 3*w - 5*q, 14 = 5*w + 2*q - a. What is the units digit of w?
5
Let g be (4/(-14))/((-8)/56). Suppose -g*o = 3*o. Suppose o = -5*c - 13 + 68. What is the units digit of c?
1
Let c(i) = -3*i - 1. Let p be c(-2). Suppose 100 = p*r - 4*k, 5*r - 195 + 80 = k. What is the units digit of r?
4
Let v(i) = i**2 + i + 5. Let l be v(0). Suppose -5*u = -10, -2*g = -0*g - l*u - 36. What is the tens digit of g?
2
Suppose 12 = -0*l + 3*l, 4*u = -2*l + 80. What is the tens digit of u?
1
Let q = 5 + 1. Suppose -6*g - 2 = -7*g. Suppose -q = -3*x + g*x. What is the units digit of x?
6
Let s be ((-8)/20)/(1/5). What is the units digit of ((-14)/6 - s)*-21?
7
Let q be 84*(0 - (1 + -3)). Suppose -q = -6*r - 0*r. What is the units digit of r?
8
What is the units digit of (-18109)/(-65) + ((-27)/(-15))/(-3)?
8
Suppose 7 = -2*i + 41. Suppose 0 = 2*y - 17 - i. What is the tens digit of y?
1
Suppose -2*i + 5 = 3*i. Let n be (-1)/(-1*2 + 1). What is the units digit of (15/n)/i + -3?
2
Let y = 210 - 106. What is the tens digit of y?
0
Let c(y) = 2*y**2 + 5*y - 1. Let i be c(-5). Suppose 5*v + i = 119. What is the tens digit of v?
1
Suppose 0 = -3*g + 129 + 21. Suppose 8*b = 3*b + g. What is the units digit of b?
0
Let v(p) = -9*p - 7. What is the units digit of v(-1)?
2
Suppose 6*k - 2*k = 856. What is the tens digit of k?
1
Suppose -4*i + 2*w = -w - 1225, 5*w + 609 = 2*i. What is the tens digit of i?
0
Suppose -t = 4*y - 20, -5*y - 23 = 2*t - 57. Suppose 5*j + 3*s = -45, -4*j + 3 = -3*s + t. What is the units digit of (j/(-5))/(8/60)?
9
Let w(m) = 44*m**2 + 2*m + 1. What is the tens digit of w(-1)?
4
Let i(q) = 0 - 1 + 1 + q + 3*q**3. Suppose 0 = -y + 3*a - 0 - 5, -4*y = -4*a + 4. What is the units digit of i(y)?
4
Let j(l) = l**2 + 19*l + 39. What is the units digit of j(-21)?
1
Suppose 11*l = 5*l + 702. What is the units digit of l?
7
Suppose -2*c + 90 = -0. What is the units digit of c?
5
Let y be 58/8 + (-5)/20. Suppose 0 = 8*p - y*p - 7. What is the units digit of p?
7
Let w(k) = 2*k**3 + 2 - 3*k**3 - 11 + 2*k**3 + 2*k - 7*k**2. Suppose -3*a = 2*s + 2 - 1, 0 = s + 4*a + 13. What is the units digit of w(s)?
5
Suppose 4*m + 147 = 7*m. What is the tens digit of m?
4
Suppose -3*u + 24 = -4*c - 8, c - 3 = -2*u. What is the units digit of u?
4
What is the units digit of 637/5 + 26/10 + -3?
7
Let h = -1 - -3. Let j(i) = 3*i**2 + i + 1. What is the units digit of j(h)?
5
Let g be (-1)/3 - 2/3. Suppose 5*y + 84 = 9*y. What is the tens digit of g + -1 + y + -2?
1
Suppose 0 = 3*z - 7*z + 200. What is the tens digit of z?
5
Let i = -57 + 159. Let p = 143 - i. What is the units digit of p?
1
Let z(u) = -u**3 + 7*u**2 + 3*u - 9. What is the tens digit of z(6)?
4
Suppose 0 = -2*p + 5*p - 147. What is the tens digit of p?
4
Let m be 42/10 - 1/5. Suppose 4*b + 2*w - 6 = 0, m*w - 2*w + 4 = b. What is the units digit of b?
2
Suppose 88 = 3*h - 77. Suppose -3*f + 8*f = a + 67, -5*f + 5*a + h = 0. What is the units digit of f?
4
Let g(i) = i**2 - 3*i - 2. Let u be g(-2). Suppose -3*h + 2 = u. What is the tens digit of h/4 + 25/2?
1
Let y(b) = -b**2 + b. Let f be y(3). What is the units digit of f/(-7)*(51 + -2)?
2
Let w = -3 + -3. Let f(o) = -o - 4. Let k be f(w). What is the units digit of k*2/1*3?
2
Suppose 5*m = -2*n + n + 124, 0 = 4*m - 4. What is the tens digit of n?
1
Let l be ((-3)/(-2))/(12/16). Suppose -3*v - 2*v - t + 73 = 0, -l*t - 49 = -3*v. What is the tens digit of v?
1
Let q(y) = -y**2 + 3*y**2 - 3*y**2 - 3*y - 2*y + 1. What is the units digit of q(-5)?
1
Let y be (11 - -7)/(6/4). Let n(p) = p**3 - 12*p**2 - p + 15. What is the units digit of n(y)?
3
Let h(t) = -16*t**2 + 3*t + 1. Let x be h(-2). Let c = x - -111. What is the tens digit of c?
4
Suppose 0 = 2*d - 5*f - 15, 6*f + 65 = 4*d + 3*f. Suppose -s = -5*v + s + 51, 0 = 3*v - s - 31. Let l = d - v. What is the units digit of l?
9
What is the tens digit of -163*(5/5 - (2 + 0))?
6
Let r = -9 - -149. What is the units digit of r?
0
Let s(j) = 2*j**3 - 9*j**2 + 4 - 1 + 4 - j**3. What is the units digit of s(9)?
7
What is the tens digit of (-1)/(-6) + (-3590)/(-60)?
6
Suppose 4 = 2*w - 0. Let j be w + 0 + -2 + 16. Suppose j = 4*g + 2*z, g + 0*g - 3*z = -10. What is the units digit of g?
2
Let a(d) = -d - 8. Let g(m) = -m - 7. Let x(j) = 5*a(j) - 6*g(j). What is the units digit of x(9)?
1
Let q(u) be the first derivative of u**3 - u**2 - 3*u + 3. What is the tens digit of q(3)?
1
What is the tens digit of (56/(-5))/(((-15)/25)/3)?
5
Let n(u) be the second derivative of -u**5/20 - 7*u**4/12 + 3*u. Let v be n(-7). Suppose v = 4*y - 9*y + 40. What is the units digit of y?
8
Suppose -s - 72 = s. Let n = s - -51. Let y = n + -10. What is the units digit of y?
5
Suppose g + 25 = 6*g. Suppose -d + 4*w = 12, -g*w = 9*d - 4*d - 65. What is the units digit of d?
8
Let u = -67 + 311. What is the units digit of u?
4
Let n(l) = -l**3 - 13*l**2 - 2*l - 16. What is the tens digit of n(-13)?
1
Let i be -1*(-2 + 0)/(-2). Let x(t) = -11*t**3 - 2*t**2 + 1. What is the units digit of x(i)?
0
Suppose 3*r - 2 = b, 2*b - r - 3*r - 6 = 0. What is the units digit of b?
3
Let r = 9 - 9. What is the units digit of -3 + 13 + r + -1?
9
Let l be (-2 + 1)/(4/(-28)). Suppose -2 = 5*t - l. What is the units digit of 2/(-3*t/(-6))?
4
Let f(s) = -s**3 + 4*s**2 - 2*s - 2. Let r be f(2). Let a = 0 + r. Suppose -5*l - 2*c = 0, 2*l - a = -c - 3. What is the units digit of l?
2
Let p(o) = -o**3 + 3*o**2 - 4*o + 4. Let z be p(3). Let l = 20 + z. Suppose 3*m - 3 = l. What is the units digit of m?
5
Suppose -3*b + 4*b + 4 = 0. Let g = b + 5. What is the units digit of 3 - g/(1/(-18))?
1
Suppose 4*q = 4*u, -u = 3*q - 5*u. Suppose -g = -q*g - 31. What is the tens digit of g?
3
Let g be (-6 - -4)*6/(-4). Suppose 42 = 3*y + g*t, 0 = 3*t - 6*t. What is the tens digit of y?
1
Suppose 2*w + 0 = -12. Let o(z) = z**2 + 4*z - 2. Let k be o(w). Suppose -3*c - 2*c = -3*l - k, 3*c = -3*l + 30. What is the units digit of l?
5
Suppose o - u + 6 = 2*u, 3*o - 3*u + 6 = 0. Let x(f) = -f**3 - f + 7. What is the units digit of x(o)?
7
Let f(y) = -3*y**2 - 24*y - 35. Let k(o) = o**2 + 8*o + 12. Let h(r) = 3*f(r) + 8*k(r). Let t = -32 + 26. What is the units digit of h(t)?
3
Let p(y) = y**3 + 5*y**2 + 4 - 6 - 2*y**3 + 7*y. What is the units digit of p(6)?
4
Suppose 0 = -g + 6*g - 60. Suppose 5*q = 5, m - 5*q = -2*q + g. What is the units digit of m?
5
Suppose -739 = -4*l + 5*m, -3*m + 546 = 3*l - 4*m. What is the tens digit of l?
8
Let l(o) = o**2 - 2*o + 1. Let a be l(4). Suppose 3*j - 12 = a. Suppose -b = -x + j, -2*x + b + 25 = 6. What is the tens digit of x?
1
Suppose -2*f + 3*f = 0. Suppose 3*g + f = 6. What is the units digit of g/((-15)/21 + 1)?
7
Suppose f - 30 = -0*f - 3*a, -3*f - 4*a = -65. Suppose 5*p + 25 = -5*o, -p - 41 = 4*o - 6. Let w = o + f. What is the units digit of w?
5
Suppose n = 2 + 4. Let f be (-12)/(2 + (-8)/n). What is the units digit of (-1)/(((-21)/f)/(-7))?
6
Let a = 259 + -143. Suppose -4*f + 4*z = -a, 2*f - 4*z - z = 43. Suppose -5*p + f = -3*p. What is the tens digit of p?
1
Let y(s) = s**3 + 21*s**2 - 4*s + 1. What is the tens digit of y(-21)?
8
Let b(q) = -q**2 + 8*q - 6. Let v be b(6). Let x = 15 - v. What is the units digit of x?
9
Suppose 3*v - q = 420, -v + 2*q + 129 = -2*q. What is the units digit of v?
1
Let n be 3/5*(3 - -2). Suppose 3*o - 6*b - 120 = -7*b, -n*b + 196 = 5*o. What is the units digit of o?
1
Let i(k) = -2*k**2 - 3*k + 6. Let y be i(4). Let z = y + 63. What is the tens digit of z?
2
Suppose 127 + 318 = 5*h. What is the units digit of h?
9
Suppose 0 = -5*b - 22 + 142. What is the units digit of b?
4
Suppose -5*x = -4*k + 35, -4 = 3*x + 5. Let h(p) = p - 1. Let f be h(4). Suppose k*b - 22 - f = 0. What is the units digit of b?
5
What is the units digit of (-4 - -3)/((-4)/220)?
5
Let m(w) = -w**3 - 4*w**2 - w + 2. Let b be m(-4). Suppose 0 = b*v - 3*v. Suppose -2*d + v*d + j + 25 = 0, 0 = -5*d + 2*j + 61. What is the tens digit of d?
1
Let p(r) = r**3 - 2*r + 1. Let o be p(1). What is the tens digit of (o + 1)/((-1)/(-21))?
2
Let q(h) = -h**3 + 13*h**2 + 16*h + 3. What is the tens digit of q(14)?
3
Let p(i) = -i - 3. Let b be p(0). Let q(c) = 3*c + 27. Let l be q